{"id":91,"date":"2015-11-17T15:51:36","date_gmt":"2015-11-17T15:51:36","guid":{"rendered":"http:\/\/brftornet5.se\/?page_id=91"},"modified":"2026-05-12T18:17:55","modified_gmt":"2026-05-12T16:17:55","slug":"om-foreningen-2","status":"publish","type":"page","link":"https:\/\/www.brftornet5.se\/?page_id=91","title":{"rendered":"F\u00d6RENINGEN \/ M\u00c4KLARINFORMATION"},"content":{"rendered":"<p>&nbsp;<\/p>\n<p><strong>Bostadsr\u00e4ttsf\u00f6reningen Tornet 5 (Brf Tornet 5) i Uppsala<br \/>\n<\/strong>Organisationsnummer: 769624-2341<br \/>\nFastighetsbeteckning: Kvarng\u00e4rdet 62:7<br \/>\nByggnads\u00e5r och v\u00e4rde\u00e5r: 2013<br \/>\nAntal l\u00e4genheter i f\u00f6reningen: 48<br \/>\nAntal garageplatser: 39 varav 24 med m\u00f6jlighet till elladdning. Avgift f\u00f6r n\u00e4rvarande 1000 kr\/m\u00e5nad. F\u00f6r elladdning tillkommer 250 kr\/m\u00e5nad + f\u00f6rbrukningskostnad.<br \/>\nHiss.<br \/>\nIndividuell debitering av varmvattenf\u00f6rbrukning.<br \/>\nGemensamt elavtal med individuell debitering av f\u00f6rbrukad el.<br \/>\nF\u00f6reningen \u00e4r en \u00e4kta bostadsr\u00e4ttsf\u00f6rening.<br \/>\nF\u00f6reningen till\u00e5ter inte juridiskt \u00e4gande.<br \/>\nVid delat \u00e4gande ska \u00e4garandelen f\u00f6r den boende vara minst 10%.<\/p>\n<p><strong>Styrelse<\/strong><br \/>\nChrister Malmgren, ordf\u00f6rande<br \/>\nGunilla Hedin, sekreterare<br \/>\nG\u00f6ran St\u00e5ldal, ledamot<br \/>\nHannan Yassin, ledamot<br \/>\nMichael Horneman, suppleant<br \/>\nAnita Pederson, suppleant<\/p>\n<p><strong>Postadress<\/strong><br \/>\nTorngatan 10<br \/>\n754 23\u00a0 Uppsala<\/p>\n<p><strong>E-post<\/strong><br \/>\nstyrelsen@brftornet5.se<\/p>\n<p><strong>Teknisk f\u00f6rvaltning: <\/strong>Riksbyggen.<br \/>\n<strong>Ekonomisk f\u00f6rvaltning: <\/strong>MBF (M\u00e4lardalens Bostadsr\u00e4ttsf\u00f6rvaltning).<br \/>\n<strong>\u00d6verl\u00e5telser, avtal och pants\u00e4ttning: <\/strong>MBF<br \/>\n<strong>\u00d6verl\u00e5telseavgift:<\/strong> Betalas av k\u00f6paren.<br \/>\n<strong>Kollektiv bostadsr\u00e4ttsf\u00f6rs\u00e4kring<\/strong><\/p>\n<p><strong>Fakturaadress:<\/strong><br \/>\nBrf Tornet 5<br \/>\nc\/o MBF<br \/>\nBox 581<br \/>\n721 10 V\u00e4ster\u00e5s<br \/>\nfaktura@mbf.se (f\u00f6r fakturor i PDF-format)<\/p>\n<p><strong>Nyckelservice:<\/strong> Trygghetsprodukter, S:t Olofsgatan 46, Uppsala, 018-694445<\/p>\n<p><strong>St\u00e4dning<\/strong><br \/>\nSt\u00e4dning och sk\u00f6tsel av trapphus utf\u00f6rs av Riksbyggen.<br \/>\nTorng\u00e5rdens samf\u00e4llighet anlitar HSB Boservice i Uppland AB f\u00f6r sk\u00f6tsel av innerg\u00e5rd och garage.<\/p>\n<p><strong>Gemensamma utrymmen<\/strong><br \/>\nParkeringsgarage, cykelf\u00f6rr\u00e5d och barnvagnsf\u00f6rr\u00e5d.<br \/>\nTv\u00e4ttstuga finns ej eftersom alla l\u00e4genheter har egen tv\u00e4ttmaskin och torktumlare.<\/p>\n<p><b>TV och Internetanslutning<\/b><br \/>\nFastigheten \u00e4r ansluten till Telia Bredband och TV. Bredbandsrouter och TV-box ing\u00e5r i l\u00e4genhetens utrustning. Abonnemanget inkluderar bredband via fiber (1000\/1000 MB\/s) och TV (paket lagom). Avgiften, 269 kr\/m\u00e5nad, \u00e4r obligatorisk och debiteras via m\u00e5nadsavierna. Eventuella till\u00e4ggstj\u00e4nster aviseras separat av Telia.<\/p>\n<p><strong>I Sk\u00f6tselp\u00e4rmen<\/strong> till bostaden finns information och sk\u00f6tselanvisningar.<\/p>\n<p><strong><span style=\"color: #003366;\">Dokument<br \/>\n<\/span><\/strong><\/p>\n<p><strong><span style=\"color: #0000ff;\"><a style=\"color: #0000ff;\" href=\"http:\/\/media.brftornet5.se\/2026\/04\/Arsredovisning-2025.pdf\">\u00c5rsredovisning 2025<\/a><br \/>\n<\/span><\/strong><strong><span style=\"color: #0000ff;\"><a href=\"http:\/\/media.brftornet5.se\/2025\/05\/Brf-Tornet-5-Arsredovisning-2025.pdf\"><span style=\"color: #008080;\"><span style=\"color: #0000ff;\">\u00c5rsredovisning 2024<\/span><\/span><\/a><br \/>\n<a style=\"color: #0000ff;\" href=\"http:\/\/media.brftornet5.se\/2024\/05\/Arsredovisning-2023.pdf\">\u00c5rsredovisning 2023<\/a><\/span><\/strong><br \/>\n<a href=\"http:\/\/media.brftornet5.se\/2023\/05\/Arsred-2022001.pdf\"><span style=\"color: #0000ff;\"><strong><span style=\"color: #0000ff;\">\u00c5rsredovisning 2022<\/span><\/strong><\/span><\/a><br \/>\n<strong><span style=\"color: #003366;\"><span style=\"color: #0000ff;\"><a style=\"color: #0000ff;\" href=\"http:\/\/media.brftornet5.se\/2022\/05\/Arsredovisning-2021.pdf\">\u00c5rsredovisning 2021<\/a><\/span><br \/>\n<\/span><\/strong><strong><a href=\"http:\/\/media.brftornet5.se\/2021\/05\/Arsredovisning-2020.pdf\"><span style=\"color: #0000ff;\">\u00c5rsredovisning 2020<\/span><\/a><\/strong><\/p>\n<p><strong><span style=\"color: #0000ff;\"><a style=\"color: #0000ff;\" href=\"http:\/\/media.brftornet5.se\/2025\/05\/Protokoll-arsstamma-20250515.pdf\">F\u00f6reningsst\u00e4mma 2025<\/a><br \/>\n<a style=\"color: #0000ff;\" href=\"http:\/\/media.brftornet5.se\/2024\/06\/Protokoll-stamma-20240515-med-bilagor.pdf\">F\u00f6reningsst\u00e4mma 2024<\/a><br \/>\n<a href=\"http:\/\/media.brftornet5.se\/2023\/05\/Protokoll-stamma-20230517.pdf\"><span style=\"color: #0000ff;\">F\u00f6reningsst\u00e4mma<\/span> 2023<\/a><br \/>\n<a href=\"http:\/\/media.brftornet5.se\/2022\/06\/Protokoll-ordinarie-stamma-17-maj-2022.pdf\"><span style=\"color: #000080;\"><span style=\"color: #0000ff;\">F\u00f6reningsst\u00e4mma 2022<\/span><\/span><\/a><br \/>\n<a style=\"color: #0000ff;\" href=\"http:\/\/media.brftornet5.se\/2021\/05\/Protokoll-arsstamma-20210518.pdf\">F\u00f6reningsst\u00e4mma 2021<\/a><\/span><br \/>\n<\/strong><\/p>\n<h4><strong><span style=\"color: #0000ff;\"><br \/>\n<a style=\"color: #0000ff;\" href=\"http:\/\/media.brftornet5.se\/2023\/07\/6002-Stadgar.pdf\">Stadgar Brf Tornet 5<\/a><br \/>\n<a style=\"color: #0000ff;\" href=\"http:\/\/media.brftornet5.se\/2025\/11\/ORDNINGSREGLER-Brf-Tornet-5-2025.pdf\">Ordningsregler Brf Tornet 5<\/a><\/span><\/strong><strong><span style=\"color: #0000ff;\"><br \/>\n<\/span><span style=\"color: #0000ff;\"><a style=\"color: #0000ff;\" href=\"http:\/\/media.brftornet5.se\/2018\/09\/Energidekl-Tornet-5.pdf\">Energideklaration Tornet 5<\/a><br \/>\n<a style=\"color: #0000ff;\" href=\"http:\/\/media.brftornet5.se\/2020\/05\/Fullmakt-vid-f\u00f6reningsst\u00e4mma-i-Brf-Tornet-5.doc\">Fullmakt vid f\u00f6reningsst\u00e4mma i Brf Tornet 5<\/a><br \/>\n<\/span><\/strong><\/h4>\n<h4><span style=\"color: #0000ff;\"><strong><a style=\"color: #0000ff;\" href=\"http:\/\/media.brftornet5.se\/2021\/03\/Skotselparm-red-2021-03-08.pdf\">Sk\u00f6tselp\u00e4rm<\/a><\/strong><\/span><\/h4>\n<h4><span style=\"color: #003366;\"><span style=\"color: #000080;\"><span style=\"color: #0000ff;\"><a style=\"color: #0000ff;\" href=\"http:\/\/media.brftornet5.se\/2018\/08\/mbf_andrahandsblankett_a4_formular_reader2.pdf\">Blankett f\u00f6r andrahandsuthyrning<\/a><\/span><\/span><\/span><\/h4>\n<p><a href=\"http:\/\/media.brftornet5.se\/2021\/12\/Bostadsfakta-utdrag.pdf\"><span style=\"color: #003366;\"><strong><span style=\"color: #000080;\"><span style=\"color: #0000ff;\">Bostadsfakta (2013)<\/span><\/span><\/strong><\/span><\/a><\/p>\n<p>&nbsp;<\/p>\n","protected":false},"excerpt":{"rendered":"<p>&nbsp; Bostadsr\u00e4ttsf\u00f6reningen Tornet 5 (Brf Tornet 5) i Uppsala Organisationsnummer: 769624-2341 Fastighetsbeteckning: Kvarng\u00e4rdet 62:7 Byggnads\u00e5r och v\u00e4rde\u00e5r: 2013 Antal l\u00e4genheter i f\u00f6reningen: 48 Antal garageplatser: 39 varav 24 med m\u00f6jlighet till elladdning. Avgift f\u00f6r n\u00e4rvarande 1000 kr\/m\u00e5nad. F\u00f6r elladdning tillkommer 250 kr\/m\u00e5nad + f\u00f6rbrukningskostnad. Hiss. Individuell debitering av varmvattenf\u00f6rbrukning. Gemensamt elavtal med individuell debitering av [&hellip;]<\/p>\n","protected":false},"author":2,"featured_media":2441,"parent":0,"menu_order":1,"comment_status":"closed","ping_status":"closed","template":"page-templates\/full-width.php","meta":{"footnotes":""},"class_list":["post-91","page","type-page","status-publish","has-post-thumbnail","hentry"],"_links":{"self":[{"href":"https:\/\/www.brftornet5.se\/index.php?rest_route=\/wp\/v2\/pages\/91","targetHints":{"allow":["GET"]}}],"collection":[{"href":"https:\/\/www.brftornet5.se\/index.php?rest_route=\/wp\/v2\/pages"}],"about":[{"href":"https:\/\/www.brftornet5.se\/index.php?rest_route=\/wp\/v2\/types\/page"}],"author":[{"embeddable":true,"href":"https:\/\/www.brftornet5.se\/index.php?rest_route=\/wp\/v2\/users\/2"}],"replies":[{"embeddable":true,"href":"https:\/\/www.brftornet5.se\/index.php?rest_route=%2Fwp%2Fv2%2Fcomments&post=91"}],"version-history":[{"count":154,"href":"https:\/\/www.brftornet5.se\/index.php?rest_route=\/wp\/v2\/pages\/91\/revisions"}],"predecessor-version":[{"id":2469,"href":"https:\/\/www.brftornet5.se\/index.php?rest_route=\/wp\/v2\/pages\/91\/revisions\/2469"}],"wp:featuredmedia":[{"embeddable":true,"href":"https:\/\/www.brftornet5.se\/index.php?rest_route=\/wp\/v2\/media\/2441"}],"wp:attachment":[{"href":"https:\/\/www.brftornet5.se\/index.php?rest_route=%2Fwp%2Fv2%2Fmedia&parent=91"}],"curies":[{"name":"wp","href":"https:\/\/api.w.org\/{rel}","templated":true}]}}